 base 5?
-114122401
-2f6bb8 (base 16) to base 2
-1011110110101110111000
Convert 633a8 (base 12) to base 7.
1051322
5b8b1 (base 12) to base 13
44575
211655 (base 12) to base 11
326529
-572642 (base 9) to base 5
-41440104
What is 5154462 (base 7) in base 6?
21132113
Convert 3eb05 (base 16) to base 14.
6980d
221235525 (base 6) to base 4
33031100231
What is 520706a (base 11) in base 9?
18255313
Convert 10a2d (base 16) to base 12.
33525
640413 (base 11) to base 12
415474
What is 100002222201222 (base 3) in base 7?
56104055
What is 1117051 (base 8) in base 6?
10253025
What is 142622440 (base 7) in base 16?
8f71f9
Convert -436225 (base 8) to base 9.
-243057
421021 (base 7) to base 11
4a428
Convert -51854 (base 12) to base 11.
-73121
Convert 1123424320 (base 6) to base 3.
212111122120110
Convert 4f774e (base 16) to base 4.
103313131032
What is 434344 (base 7) in base 16?
128ce
What is 1c52a (base 14) in base 16?
11aaa
What is -12201024 (base 5) in base 15?
-24479
What is 2455473 (base 8) in base 12?
288937
Convert 11120021220 (base 3) to base 12.
44020
What is 1332225 (base 6) in base 12?
37075
What is 743652 (base 8) in base 7?
2051136
Convert -1001010011021121 (base 3) to base 5.
-12311130033
What is -c91b6 (base 14) in base 4?
-1312222130
-13166312 (base 7) to base 8
-4473075
52302202 (base 6) to base 15
1ee66b
-26213027 (base 8) to base 12
-1b5681b
1111221101 (base 3) to base 7
153004
-68d969 (base 14) to base 3
-20201110120221
Convert -2323313220 (base 4) to base 12.
-3113a0
Convert -80147 (base 11) to base 10.
-117300
Convert 2cb984 (base 14) to base 4.
11332333000
-18b1776 (base 14) to base 16
-bb0e6c
What is 23546664 (base 7) in base 8?
7775706
-4633a21 (base 11) to base 9
-16217387
Convert 3323012131 (base 4) to base 13.
2a01b1
Convert -111223102121 (base 4) to base 8.
-25532231
What is 375345 (base 9) in base 10?
227003
-1404041132 (base 5) to base 15
-4aae97
Convert 3593559 (base 12) to base 8.
47516125
13160 (base 12) to base 9
38760
f45ba (base 16) to base 3
1212211222000
What is -10110110011111001000111 (base 2) in base 12?
-200459b
Convert -122111002002102 (base 3) to base 5.
-4334320044
-2133010231 (base 4) to base 9
-1202701
What is -416011 (base 7) in base 4?
-101200033
What is 22042321 (base 5) in base 10?
190336
Convert -316168 (base 9) to base 4.
-231331001
122020000000022 (base 3) to base 16
8ba85b
What is 2199a (base 16) in base 2?
100001100110011010
55048 (base 11) to base 6
1413544
-1601634 (base 7) to base 12
-a69a9
Convert -34300230 (base 5) to base 12.
-129323
103231203000 (base 4) to base 6
302430400
8207e (base 16) to base 15
a7c21
Convert 243221 (base 7) to base 2.
1010110101001000
What is -517a8 (base 12) in base 5?
-11402134
Convert 454839 (base 11) to base 9.
1322708
Convert 2c245 (base 16) to base 6.
3513021
67553 (base 8) to base 3
1110010102
-600090 (base 11) to base 14
-1b228d
112122210112 (base 3) to base 7
2311133
Convert -539123 (base 10) to base 14.
-10068b
-133745 (base 8) to base 12
-232b1
-44176463 (base 8) to base 3
-122212202022001
What is 11001010001011011 (base 2) in base 8?
312133
124771 (base 9) to base 6
1342314
Convert 175086 (base 13) to base 2.
10001110001010101011
What is -121360001 (base 7) in base 13?
-175b90b
-a3b23 (base 14) to base 12
-170417
Convert 52091 (base 11) to base 5.
4412332
Convert -201322010233 (base 4) to base 13.
-1ac2a53
What is 1b9d286 (base 14) in base 2?
110100101111110111000110
204322 (base 12) to base 13
148b4a
Convert 2587731 (base 10) to base 3.
11212110200220
-21602604 (base 7) to base 5
-434212221
Convert -1230030111 (base 4) to base 11.
-282a50
Convert 34213615 (base 7) to base 15.
3dc81a
What is -1c394 (base 13) in base 7?
-320651
Convert -6cdd8 (base 14) to base 13.
-941c0
1102230210 (base 5) to base 11
1388578
Convert -db89f (base 16) to base 9.
-1620455
606546 (base 8) to base 3
101011101211
Convert 2101210012020 (base 3) to base 6.
43155310
What is 2512c (base 13) in base 10?
68314
What is -413123 (base 8) in base 10?
-136787
-202282b (base 13) to base 2
-100101000100001100101011
Convert a79440 (base 11) to base 14.
32cb84
-1802169 (base 10) to base 11
-1020aa6
What is -1666841 (base 11) in base 7?
-33044316
What is 2103b3 (base 13) in base 4?
2330123120
-3b20cc (base 14) to base 7
-23232345
-6115204 (base 10) to base 14
-b52804
Convert 201051 (base 10) to base 8.
610533
What is -3050283 (base 10) in base 13?
-82a502
-58806 (base 12) to base 9
-200686
100001111001000110 (base 2) to base 12
68406
Convert -13221130210 (base 4) to base 10.
-2004772
What is -21484124 (base 9) in base 16?
-9e865a
What is 1334049 (base 12) in base 13?
a31502
What is 11022122000 (base 3) in base 15?
1a2d3
Convert -11110110001110010 (base 2) to base 8.
-366162
What is -210210011 (base 4) in base 3?
-21121102212
Convert -1130211030 (base 4) to base 11.
-2399a9
234331210 (base 5) to base 9
2040526
What is 34101432 (base 6) in base 9?
1846162
Convert -110301032 (base 5) to base 7.
-4031236
3341142 (base 5) to base 7
333533
-14a234 (base 16) to base 5
-321232434
Convert 4a24a73 (base 11) to base 7.
134140423
-12407 (base 15) to base 8
-161652
Convert 123110330 (base 4) to base 2.
11011010100111100
Convert -20014 (base 9) to base 5.
-410020
What is 402304400 (base 6) in base 5?
3222223422
Convert -5b0758 (base 15) to base 8.
-20472520
What is -33222040 (base 5) in base 15?
-5a980
Convert 7c0ac9 (base 13) to base 5.
1223144023
Convert cd71d (base 16) to base 4.
3031130131
-6b70b9 (base 14) to base 15
-4c712b
What is 24554133 (base 6) in base 2?
11000001100011001001
Convert -3a2666 (base 15) to base 14.
-5299b5
Convert 1321453452 (base 6) to base 15.
15b5105
Convert 201609 (base 12) to base 10.
500265
What is -16a261 (base 11) in base 6?
-5343204
-123011401 (base 5) to base 9
-1105567
Convert -10011200000 (base 3) to base 7.
-350034
What is 1cb411d (base 14) in base 11?
8157945
Convert -3701c3 (base 14) to base 11.
-10765a2
Convert -37276834 (base 9) to base 14.
-25ca756
Convert 1240004 (base 7) to base 2.
100111010001100111
7a21e (base 16) to base 5
112002004
-1108267 (base 10) to base 11
-697726
63025466 (base 7) to base 8
24161346
Convert 102022022 (base 3) to base 9.
12268
Convert 142451054 (base 6) to base 3.
12111212220021
What is -1401466 (base 9) in base 11?
-485634
Convert 303633 (base 8) to base 11.
69358
What is 1010011422 (base 5) in base 2?
111110000000111110000
-464453 (base 10) to base 4
-1301121011
-1008a2a (base 12) to base 4
-23130233002
What is -38441d (base 14) in base 5?
-443320322
Convert 111100011011101011101 (base 2) to base 4.
13203131131
-1e188 (base 15) to base 12
-48a18
344137 (base 8) to base 13
41240
Convert -35263411 (base 7) to base 14.
-5ac9b1
Convert 4045553 (base 6) to base 11.
122097
Convert -31583 (base 13) to base 2.
-10101101100000000
Convert -1134413030 (base 5) to base 12.
-a7bb64
Convert 456651 (base 7) to base 3.
11010222000
12336620 (base 7) to base 12
45b57b
-86287 (base 9) to base 7
-325324
-3d40e (base 15) to base 3
-100222202212
What is 5524216 (base 9) in base 15?
3d9910
What is 1034444 (base 5) in base 16?
46cc
Convert -120202021001010 (base 3) to base 11.
-47a78a2
What is -71a551 (base 12) in base 13?
-4a462b
What is -58042 (base 14) in base 3?
-101212200021
What is 111010111001100111 (base 2) in base 15?
4b73a
Convert 3877470 (base 12) to base 3.
202220021021110
257811 (base 9) to base 8
461770
-10100101000011001 (base 2) to base 12
-40aa1
-1212112112 (base 3) to base 6
-442322
Convert -2ba93 (base 16) to base 8.
-535223
-355c12 (base 15) to base 6
-130401242
Convert -225e8 (base 16) to base 3.
-21011002221
Convert -193231 (base 16) to base 15.
-2293d4
Convert 952413 (base 15) to base 13.
1615632
-1104643 (base 7) to base 13
-49c84
What is -2756ba (base 12) in base 2?
-10011111010010101110
-20331031122 (base 4) to base 13
-642891
Convert -254a554 (base 11) to base 9.
-8277317
Convert -1100001000000110111 (base 2) to base 7.
-3243335
What is -11102220 (base 5) in base 6?
-2025533
Convert 212301112013 (base 4) to base 7.
152250314
-1021112230 (base 4) to base 8
-1112654
6901061 (base 10) to base 3
110222121110212
-105145 (base 6) to base 11
-6780
Convert 9639 (base 10) to base 16.
25a7
What is c07a02 (base 14) in base 3?
110011222002222
Wh